 (-183)/(-15). What is the hundreds digit of (-3 + 440/s)*3?
1
Suppose 0 = 4*c + 4, -4*c = 5*v - 348 - 12498. What is the hundreds digit of v?
5
Let u(b) = -b**2 + b + 22. Let d be u(5). Suppose -v = -4*n - 100, -2*n - 29 = d*v - 189. What is the tens digit of v?
8
What is the tens digit of (-4 - -2)*-1 + 23?
2
What is the tens digit of (-8)/18 + ((-1143384)/(-54))/22?
6
Suppose 9*a = 4*a + 30. Suppose -5*z = -a - 24. Suppose z*m - 5*m = 5. What is the units digit of m?
5
Let i = -57 - -74. What is the tens digit of i/(85/(-240))*4/(-3)?
6
Suppose 0 = 8*h - 13*h + 20. What is the hundreds digit of (-2)/4*(h + -2)*-113?
1
Suppose 0 = 2*s - d - 96, 3*s + 2*s - 3*d - 238 = 0. Suppose 8*a + s = 3*a. What is the units digit of 4/a - (-127)/5?
5
Suppose 0 = -2*v + 2*r - 106 + 18, -3*v + 5*r - 142 = 0. Let l = -13 - v. What is the units digit of 3/21 + l/14?
2
Suppose -23*k = -4296 - 11321. What is the hundreds digit of k?
6
Let k = 36 - 32. Suppose v = -k*q - 2*v + 64, -q = 3*v - 25. What is the tens digit of q?
1
Suppose 0 = -4*g - 3*t + 24, -5*g + g = -2*t - 4. Suppose 278 = g*h - h. What is the units digit of h?
9
Suppose -18 = -2*y - 4*k - 4, -2*k + 13 = 3*y. Suppose 5*t - 4*j = 137, 2*t - y*t + 2*j = -31. What is the tens digit of t?
2
Let j(p) = 4*p + 27. Let d be j(-8). Let x = 11 + d. What is the units digit of x?
6
What is the units digit of 1/((2/566)/(-2 - -3))?
3
Suppose 0 = -2*c - 2*c + 52. Let i = c - 1. What is the units digit of i?
2
Let o(i) = 2*i**2 - 17*i - 12. Suppose -3*z + 3*p = -27, -6*p = 3*z - 2*p - 34. What is the tens digit of o(z)?
1
Let d(x) be the first derivative of 5 + 3/2*x**2 - 4*x. What is the units digit of d(3)?
5
Suppose -2*k = -5*s + 3, -2*s - 3*s - 9 = k. What is the units digit of (-619)/(-4) + k + (-102)/(-24)?
5
Let w(c) = -74*c + 15. What is the tens digit of w(-19)?
2
Let c be (38 + -1)*1*(-4 + 9). Suppose 4*l - 135 = c. What is the tens digit of l?
8
Let p be (1/3)/((-6)/(-36)). Suppose 5*i + 42 + 115 = p*s, 15 = -5*i. What is the tens digit of s?
7
Let c be (2 + -1)/(1/6). Let p = -1 + c. Let d = p + -2. What is the units digit of d?
3
Let k = -4648 + 8265. What is the tens digit of k?
1
Suppose 34*a = 24*a + 33910. What is the tens digit of a?
9
Suppose 0*m + 17 = 5*z - m, 5*z + 3*m - 9 = 0. Suppose -z = 2*g - 13. Let p(d) = 4*d + 12. What is the tens digit of p(g)?
3
Let z(c) = -c**3 - c**2 + 141. Let y be z(0). Let q = y + -60. What is the units digit of q?
1
Suppose -3*k + 2412 + 78 = 0. Let l = k - 556. Suppose 4*z - 2*y - l = 0, 5*z - 3*y - 403 = -60. What is the tens digit of z?
6
Let p(r) = -2*r + 22. Let a be p(-10). What is the tens digit of 160/(-16)*(1 + a/(-4))?
9
Suppose -6*a = -12 - 0. Suppose a*n = -n + 198. What is the units digit of n?
6
Let l = 1436 + -721. What is the hundreds digit of l?
7
Suppose p = 2 - 5. Let t be -6*4/(24/p). Suppose -2*c + 44 = t*b, 4*b = -5*c + 2*c + 67. What is the units digit of c?
5
Let s be -1 + 2 + -1 + -38. Let d = s + 72. Let g = 77 - d. What is the units digit of g?
3
Let v = 188 + -13. Suppose v = -0*a + 3*a - 4*z, -5*a = -5*z - 295. What is the tens digit of a?
6
Let i be (9/(-4))/(36/192). Let p = -36 - i. What is the tens digit of (-2)/12 - 1108/p?
4
Suppose -5*d + 367 = -4*s, 213 = -5*s + 3*d - 262. Let f = s + 206. Suppose -f = -5*r + r. What is the tens digit of r?
2
Let j = -35 - -1433. What is the tens digit of j?
9
Let k(b) = 3*b - 14. Let t(u) = u**3 - 14*u**2 + 6. Let j be t(14). Let n be k(j). Suppose -n*c + 14 = -70. What is the tens digit of c?
2
What is the units digit of (-92*(-2)/20)/((-12)/(-1920))?
2
What is the tens digit of 2/4 + 4664/16?
9
Let p(b) = 2*b - b**3 - 4*b + 2*b + 5 + 7*b**2 + 2*b. What is the units digit of p(6)?
3
Let z = -187 + 81. Let j = z + 164. What is the tens digit of j?
5
Let z(p) = 6*p - 19. Let f = 95 + -78. What is the units digit of z(f)?
3
Let h(u) be the second derivative of u**4/12 + u**3 + 3*u**2 - 3*u. What is the units digit of h(-10)?
6
Suppose -1500 = -12*g + 8*g + 4*v, -752 = -2*g + v. What is the hundreds digit of g?
3
Let x be 3 - 0 - (-1 - -1). Let c be (12/8)/(x/14). Let q(z) = 3*z + 3. What is the tens digit of q(c)?
2
Suppose -q + 23 = -118. What is the units digit of q?
1
Let t = -662 + 1217. What is the units digit of t?
5
Let t(z) = -13*z + 4. Let k be t(-2). Let o = k + -20. Suppose o*v = 6*v + 112. What is the tens digit of v?
2
What is the hundreds digit of ((-64)/(-20))/(((-144)/(-760))/9)?
1
Suppose -13*z + 9*z + 4*v = -320, z - 4*v = 68. What is the tens digit of z?
8
Let o(h) = h**2 + 8*h. Let n be o(0). Let s = 18 + -9. Suppose n = -4*a + 101 - s. What is the units digit of a?
3
Let l be (-12170)/(-50) - (-3)/5. Suppose -n = q - l, -3*q + q + 5*n = -453. What is the hundreds digit of q?
2
Suppose 3 = 3*i, i - 90 = -4*m - 5. Let x = -17 + m. What is the units digit of 2/(x/82)*1?
1
Suppose -17*c - 18 - 33 = 0. Let p(m) be the third derivative of m**5/20 - m**4/6 - 7*m**3/6 - m**2. What is the units digit of p(c)?
2
Let m(s) = -2*s. Let t be m(-5). Let p = t - -32. What is the units digit of p?
2
Let d = -3892 - -5459. What is the tens digit of d?
6
Let d(o) = 1 + 0 + 11*o - 7 - o**2 - 1. Let g(x) = 2*x - 17. Let c be g(12). What is the units digit of d(c)?
1
Let d be 4 - (-11)/((-11)/(-12)). Suppose -j = -0*o - 4*o + d, -4*o = -3*j - 16. Suppose -t - t + 44 = j. What is the units digit of t?
2
Let f = -41 + 24. Let r = 1 + f. What is the tens digit of (2/3)/(r/(-696))?
2
Let k(n) = 39*n - 13. Let u(f) = -20*f + 6. Let c(q) = 2*k(q) + 5*u(q). Let r(y) = y + 1. Let v(d) = c(d) - 3*r(d). What is the units digit of v(-2)?
1
Suppose 0 = -17*g + 13*g - 44. Let s(p) = -7*p + 16. What is the units digit of s(g)?
3
Let q(m) = 24*m**2 + 13*m - 12. What is the hundreds digit of q(-5)?
5
Let l(b) = 83*b - 60. What is the tens digit of l(12)?
3
Suppose -21147 = -6*p - 8061. What is the units digit of p?
1
What is the units digit of -6*(9438/12)/(-11)?
9
Let l(o) = 2*o + 17. Let z be l(-7). Suppose 4*p = j - 95 + 7, z*j + 93 = -5*p. Let f = -6 - p. What is the tens digit of f?
1
Let u = -498 + 805. What is the units digit of u?
7
What is the hundreds digit of ((-24)/30)/(-3*(-10)/(-21675))?
5
Let s(g) = g**2 - 11*g + 11. Let t be s(7). Let i = t - -18. What is the tens digit of 44/i*7/14?
2
Suppose 0*p = 3*k - 5*p - 38, -2*k + 3*p = -24. Suppose 3*d + 3*u = -0*d + 18, -2*d - 5*u = -k. What is the units digit of d?
8
Let u(d) = -d**3 - 9*d**2 - 7*d + 10. Let x be u(-8). Suppose x*h = -3*h + 130. What is the tens digit of h?
2
Suppose 5*b + 60 = -5*i, 3*b + 2*b + 2*i = -72. Let z(l) = 8*l + 7. Let v be z(4). Let r = v + b. What is the tens digit of r?
2
Suppose -r = 4*f - 9*f - 29, 0 = 2*r - 4*f - 52. What is the units digit of (r/(-16))/(3/(-30))?
5
Let a = -261 - -372. Let f = -39 + a. Suppose 0 = -3*i + l + f, 87 = 3*i + l + 3*l. What is the units digit of i?
5
Let k(a) = -a. Let z be ((-8)/(-14))/((-8)/(-28)). Suppose 8 = -6*o + z*o. What is the units digit of k(o)?
2
Suppose -6*g - s - 630 = -7*g, 5*s + 630 = g. What is the tens digit of g?
3
What is the units digit of ((-12448)/7)/((-196)/686)?
4
Let j(h) = 5*h - 1. Let a be j(1). Suppose -3*b + 2*b = -2*f + 12, -4*b = -5*f + 33. Suppose a*w = -d + 38, 3*d - f*w + 1 = 30. What is the units digit of d?
8
Suppose -11 + 26 = 5*i. Suppose -i*p + 423 = 5*w - 2*p, -w = -3*p - 75. What is the tens digit of w?
8
Suppose 156 = -2*x + 578. What is the hundreds digit of x?
2
Suppose 7*h - 23 = -4*s + 4*h, -s - 2*h = -12. Suppose s = 4*i - 14. Suppose -16 = i*y, y + 101 + 67 = 4*x. What is the tens digit of x?
4
Let s be (1*-2)/(2/(-6)). Suppose 4*m - s = 26. What is the units digit of (54/(-24))/((-3)/m)?
6
Suppose 4926 = 3*s - 4*j, -s - 25*j + 21*j + 1658 = 0. What is the tens digit of s?
4
Let p(g) = -156*g - 48. What is the hundreds digit of p(-3)?
4
Suppose 3 = -4*r - 1. Let f be 18/36*4/(-2)*-3. What is the tens digit of (0 - r)/f*33?
1
Suppose -2*u - 29*r + 762 = -24*r, -3*u - 2*r + 1121 = 0. What is the hundreds digit of u?
3
Suppose 0 = -8*m + 5*m + 4*b + 52, -4*m - b = -44. Suppose 0*u = 2*u - 2*r - m, -2*r = 2*u. Suppose 4*j - u*j - 6 = 0. What is the units digit of j?
6
Suppose 208 = -3*g + 13. Let y = g - -92. What is the tens digit o